= 29 - 31. Let u(a) = 15*a - 5. Let y be u(w). Let f = 72 + y. Is f a prime number?
True
Let r be 2*4/(-1)*(-6)/48. Let p be -12*r*(-1)/(-3) + 41. Suppose -31*w = -p*w + 11082. Is w a composite number?
False
Let u = -275002 + 406559. Is u a composite number?
True
Suppose -3*u + 632316 = -3*y, -206*u + 209*u - 632314 = 5*y. Is u a composite number?
False
Let h = -1076 + 24975. Is h a prime number?
True
Let i be (126/(-10))/(27/90). Let z = i - -34. Is (-6246)/z - (-2)/(16/2) a composite number?
True
Suppose 5*y = y + 84. Suppose 6507 - 23748 = -y*g. Is g a composite number?
False
Let o(b) = -6*b**3 - 48*b**2 - 3*b - 27. Let v be o(-8). Let f = -18 + 50. Is (46408/f)/(v/(-12)) prime?
True
Let j(l) = -3452*l + 85. Let f be 6 - 0 - (-55 + 64). Is j(f) a composite number?
True
Let r(l) = 6*l + 2. Let i be 5 - (2/6 - (-48)/18). Let p be r(i). Suppose 11*s + 3201 = p*s. Is s composite?
True
Let d(o) = -67*o - 268. Let f(v) = -v - 3. Let a(y) = -d(y) + 5*f(y). Is a(35) prime?
True
Suppose -2*g + 4*v = 2*v - 8, g + v - 6 = 0. Suppose -x = 17 - g. Let r(a) = a + 31. Is r(x) a composite number?
False
Let p(i) = i**2 + i. Let q(l) = 5*l**2 - 16*l + 16. Let n(g) = 3*p(g) + q(g). Let s be n(8). Suppose 0 = -4*z + 740 + s. Is z a composite number?
True
Suppose 62*z - 10 = 60*z. Let h(x) = -21 - 3*x + 5 + z*x - x**3 + 16*x**2. Is h(13) a prime number?
False
Let m be 4*((-5530)/(-2) - 4). Let g = -18751 + m. Is (15/9)/(-5)*g a prime number?
False
Let d = 19192 - 13236. Suppose -6*f - d + 51922 = 0. Is f a prime number?
False
Suppose -5660768 = 323*l - 40029545 - 100106782. Is l a composite number?
False
Suppose 232220 = -304*q + 324*q. Is q a composite number?
True
Let s = -82559 - -196343. Suppose a = 32*r - 37*r + s, r - 2*a - 22759 = 0. Is r prime?
False
Let x(c) = 5817*c + 32. Is x(7) a composite number?
False
Suppose 7 = 7*p - 7. Let g(x) = 6*x - 14. Let y be g(p). Is (0 + 0 - y)/((-40)/(-6020)) a prime number?
False
Let r be -5 - (12/(-4) - 5 - -1). Is 3 + (r - 6522/(-3)) a prime number?
True
Let f = 331 - 2604. Let a = 2634 - f. Is a prime?
False
Let i = -43 + 28. Let j be (-2)/(10/i + 0). Is ((-40)/(-16))/(j/138) composite?
True
Suppose -2*u = -3*z - 2*z + 1128, 5*z = -3*u + 1133. Let h = 92 - z. Let g = 89 - h. Is g a prime number?
True
Suppose -56*a + 58*a = 2*x - 2, -5*a + 2*x = -10. Suppose 0 = 3*m + a*j - 23385, 0 = 5*m - 2*j - 42384 + 3409. Is m a composite number?
True
Suppose 246*o = 247*o - 2*l - 56079, -3*o - 2*l = -168253. Is o composite?
True
Suppose -5*n = -5, 1891*w - 1893*w = 2*n - 791596. Is w prime?
False
Let u = 304447 + -157046. Is u composite?
False
Suppose 0 = 66*a - 24*a - 4134827 - 4396171. Is a prime?
False
Suppose 0 = -v + 3*o + 546, -3*o + 530 = v + 2*o. Let t = v - -1169. Is t prime?
True
Is -9 + 31479 + (-4)/((-8)/(-2)) prime?
True
Let a be (-15)/5*(-479)/3. Let m = -264 + a. Let d = m + 48. Is d prime?
True
Suppose 0 = 20*o - 15*o - 45. Let u be -1543*(-20)/(-45) - 2/o. Let z = 1017 + u. Is z composite?
False
Let q be ((-15828)/(-3))/((-12)/(-66)). Let s = q - 15709. Is s composite?
False
Suppose 0 = -7*a + 1 + 20. Suppose -2*b = -10, 18*b + 21772 = a*q + 23*b. Is q a composite number?
True
Suppose 738885 = 26*g - 610195 - 159388. Is g a composite number?
True
Let g = 189 - 32. Let i = g - -796. Is i prime?
True
Suppose 0 = 88*o - 93*o + 2*t + 2514805, 2*o - 1005922 = -t. Is o a composite number?
False
Let a(r) = 132*r**2 - 2*r - 5. Let v(u) = -263*u**2 + u + 2*u + 0 + 10. Let b(l) = 5*a(l) + 2*v(l). Is b(-3) a prime number?
True
Suppose -18 = 4*t - 2*f, 14*t - 4*f + 18 = 12*t. Is t/(-9)*(6484 + -4 + 3) a prime number?
True
Let h be (-3)/(0 - (-15)/10). Let r be (-8651)/h + (-21)/14. Suppose 3*b = 5*m - 20891, -m = 3*b + 153 - r. Is m composite?
False
Is (54713302/(-245))/(8/(-20)) composite?
True
Suppose 0 = 6*j - 231 - 261. Suppose 16*u = -j - 158. Is (-41064)/(-20) - ((-48)/u + -3) composite?
False
Let q(n) = 5*n**3 - 42*n**2 + 306*n - 21. Is q(34) a prime number?
True
Let y(r) = 276*r**2 + 26*r - 683. Is y(18) a prime number?
True
Let p(g) = 16*g - 117. Let a be p(7). Is (-2 - 8122 - a)*-1 a composite number?
True
Let k(i) = -9*i - 28. Let z be k(-4). Suppose -4*r - 284 = 616. Is (2/(-2) - r) + z/(-8) composite?
False
Let h(n) = -201 - n**2 - 7*n**2 - 2*n**3 - 3*n + 199. Let i be h(-10). Is (i/(-8))/(2/(-12)) prime?
False
Let h = -3116 + 19533. Suppose 13*x - 13730 - h = 0. Is x a prime number?
False
Let a(h) = 5 + 18*h - 98*h - 3*h. Let g = -574 - -570. Is a(g) a composite number?
False
Let n = -43709 - -110752. Is n prime?
True
Suppose 34 = 2*z - y - 35, -4*z - 3*y + 113 = 0. Suppose -18*j + z*j = 116942. Is j a prime number?
True
Let n(c) = -c**2 - 8*c + 7. Let h be n(-8). Let d be 49/14*4*1/h. Suppose 0 = -4*l + d*s + 622, -l - s - 52 + 215 = 0. Is l a prime number?
False
Suppose -12 = 12*p - 10*p. Let r be 8 + 5600/24 - (-2)/p. Suppose -r = -3*a + 872. Is a a composite number?
True
Let q = 82090 + 227313. Is q composite?
False
Suppose 5*d - 20 = 0, -5*d - 732885 = 37*q - 42*q. Is q a composite number?
False
Let y = 708 - -1707. Suppose -2*k - z + 4841 = -4*z, -y = -k - 4*z. Is k a composite number?
True
Let j = 2527 - 1552. Suppose 5*y = 2*a + 7560 + j, -5*a = 3*y - 5152. Is y prime?
True
Let t(h) = h + 18. Suppose -4*v - 3*x = 44, -5*v - 4*x + 2*x = 62. Let f be t(v). Is (-85731)/(-85) + f/10 prime?
True
Let u(o) = -677*o + 4168. Is u(-23) prime?
True
Let l(v) = -44*v + 288*v**2 + 0 - 225*v**2 + 2. Is l(-4) composite?
True
Suppose 0 = 46*p + 15*p + 88*p - 12000013. Is p prime?
True
Let o be 3 + 4/14 + (-750)/(-21). Suppose 30*y + 34479 = o*y. Is y a prime number?
False
Suppose 0 = 9*t - 918458 + 206621. Is t a prime number?
False
Let c = 7355 + -24693. Let w = c + 42959. Is w a prime number?
True
Let k = 3899370 - 2741291. Is k composite?
True
Let k = 99771 - -56806. Is k composite?
False
Let v(c) = 32*c**3 - 6*c**2 + 2*c - 6. Let m be v(4). Let b = m + -113. Let j = -690 + b. Is j a composite number?
False
Suppose 5*x = i - 23, -i - 1 = x - 0*i. Let k(d) = -16*d**2 - d + 9. Let n(h) = -47*h**2 - 5*h + 26. Let q(o) = x*n(o) + 11*k(o). Is q(4) composite?
False
Let p(i) = 25*i**2 + 27*i + 13. Let u be p(8). Suppose -4*c + 3664 = 4*x, -4*x + 2*x = 3*c - u. Is x a composite number?
False
Suppose -x - 5*r - 3380 + 73446 = 0, -x = -5*r - 70036. Is x a prime number?
True
Let x(f) be the third derivative of 101*f**4/24 + 19*f**3/6 - 4*f**2 - 7*f. Is x(18) a composite number?
True
Suppose -l + b - 2*b + 106594 = 0, l = 2*b + 106585. Is l a composite number?
False
Let h = -57 + 45. Let s be (-30)/h*(-18)/(-5). Suppose -20246 = 4*y - s*y + x, -20242 = -5*y - 3*x. Is y composite?
False
Suppose -140*a + 41355 = -125*a. Is a a prime number?
False
Suppose 0 = 113*p + 71*p - 17021656. Is p prime?
False
Suppose -t + 21 = r, 4*t + t - 125 = -r. Is 81558/15 + t/(-130) a prime number?
True
Is -2 + (-267195)/(-33) - (12/(-33))/2 prime?
False
Let c be ((-34)/3)/(((-104)/12)/13). Let q(n) = 1024*n - 243. Is q(c) prime?
False
Let s = 46625 - 21180. Suppose -8*q + q + s = 0. Is q composite?
True
Suppose -98*s + 126 = -89*s. Suppose -849 = 13*v - s*v + q, -q - 4261 = -5*v. Is v a composite number?
False
Is 1693526/16 + 213/(-568) prime?
False
Suppose 0 = 4*m - 2*j - 2030166 + 112046, -3*m - 4*j + 1438623 = 0. Is m prime?
True
Suppose 53*o + 1283293 = 12483836. Is o composite?
True
Suppose 8526*j - 38149 = 8525*j. Is j prime?
True
Let b(g) = -g**3 - 3*g**2 - 8*g - 10. Let r be b(-4). Suppose -r*w = -40*w + 16. Suppose w*l = l + 5719. Is l a composite number?
True
Let s = -47687 - -72276. Is s a composite number?
True
Let t(v) = 168*v + 2585. Is t(47) a prime number?
False
Let w(p) = -44707*p - 8114. Is w(-11) prime?
False
Let s = 38242 + -3005. Is s prime?
False
Let z(q) be the third derivative of 53*q**5/20 - 5*q**3/6 + q**2 - 2*q. Let w(x) = x**2 + 8*x + 14. Let p be w(-6). Is z(p) a prime number?
True
Is (54/12)/(57/7314886) prime?
False
Is ((-19)/(-171))/(3/1358397) prime?
True
Suppose -172992 = -24*c + 330111 + 1670889. Is c a prime number?
True
Let j(d) = -d + 1. Let y(r) = -325*r. Let g(f) = -4*j(f) + y(f). Let b = -110 + 107. Is g(b) a prime number?
False
Let j(y) be the first derivative of -y**2/2 + 527*y - 997. Let i be (5 + 